 = -21. What is the remainder when 35 is divided by c?
7
Let x = -3 + 5. Suppose -s + x = -35. Calculate the remainder when s is divided by 19.
18
Let d(z) = -z**3 + 8*z**2 - 7*z + 1. Let l be (14/(-2))/((-5)/5). What is the remainder when 1 is divided by d(l)?
0
Suppose s = -d + 5*d, 4*s - d - 15 = 0. Suppose -s*u = 2*k - 186, 5*u - 100 - 129 = k. Calculate the remainder when u is divided by 12.
10
Let p = 12 - 1. Suppose -2*l = -m + 26, -4*m + 0*l = -5*l - 110. Calculate the remainder when m is divided by p.
8
Let m = -8 - -13. Suppose -3 = -4*l + m. Calculate the remainder when -2 + 1/((-2)/(-12)) is divided by l.
0
Let a(y) = -3*y**3 - 6*y**2 + 6*y. Let q(z) = z**3 + 2*z**2 - z + 1. What is the remainder when q(3) is divided by a(-3)?
7
Let y = 85 + -64. What is the remainder when 61 is divided by y?
19
Let y be (-11 + 4)*(0 + -1). What is the remainder when 4 is divided by (y - 9)*(-6)/4?
1
Let p = 33 + -19. Calculate the remainder when 55 is divided by p.
13
Let u = -168 - -181. Suppose -f = -q - 25, 0*f - 5*f = q - 107. Calculate the remainder when f is divided by u.
9
Let y be ((-16)/20)/((-1)/5). Calculate the remainder when y/(-2)*(-105)/10 is divided by 6.
3
Let x be 6 + -2 - 2 - -13. Suppose -5*b + 2*f + f + 48 = 0, -5*b - 5*f = -40. Calculate the remainder when 4*3/b*x is divided by 7.
6
Suppose -3*a - 185 = -5*n, 5*a = -2*n + 12 + 31. Let f = -23 - -40. Let h = 29 - f. Calculate the remainder when n is divided by h.
10
Let z(h) = 2*h + 8. Let x be z(-6). Let f(l) = l**2 + 2*l - 3. Let v be f(-3). Calculate the remainder when (-27)/12*(x + v) is divided by 5.
4
Suppose 35*u = 34*u + 9. What is the remainder when -85*1*(-2)/5 is divided by u?
7
Let a(m) = 3*m - 3. Suppose -78 = -4*v - 14. Calculate the remainder when v is divided by a(4).
7
Suppose -2*p + 122 = 4*h, 11*h = -3*p + 6*h + 188. What is the remainder when p is divided by 31?
9
Let h be -15*(3 - (-68)/(-20)). Let z = 11 - h. What is the remainder when z is divided by 4?
1
Let a(j) = -j**2 + 4*j - 5. Let o be a(4). Let t(n) = -n**2 - 6*n. Suppose -3*m + 44 - 2 = 0. What is the remainder when m is divided by t(o)?
4
Let h = 336 + -233. Calculate the remainder when h is divided by 26.
25
Let i be 1*4*(-1)/(-2). Suppose 0 = b + 4*t + 12, -4*b - b = t + 3. Suppose b = -g + i + 6. Calculate the remainder when 15 is divided by g.
7
Let w(z) = -z**2 + 5*z. Let f(c) = 3*c**2 - 20*c - 1. Let u(o) = -2*f(o) - 9*w(o). Calculate the remainder when u(4) is divided by 16.
14
Suppose -4*t = -o - 75, 33 = -o + t - 30. Let r = 105 + o. What is the remainder when r is divided by 16?
14
Suppose 5*q + 30 = 5*h, 5*h + 4*q + 10 = -5. Let u = h + 14. What is the remainder when 28 is divided by u?
13
Suppose -31 = -2*r + 5. Suppose 4*q - 300 = 10*b - 6*b, 4*q + b - 275 = 0. What is the remainder when q is divided by r?
16
Let o = -6 - -10. Suppose 0*t + 40 = o*t. Calculate the remainder when (8/(-6) - 0)*-21 is divided by t.
8
Suppose 10 = -5*x + 3*x. Calculate the remainder when 11 is divided by (4 + x)/(2/(-14)).
4
Suppose -g = -3*s + 154, -3*s - 16 = -7*s. Let r(m) = m**3 + 5*m**2 + 7*m + 4. Let x be r(-4). Calculate the remainder when 52 is divided by 3/12 + g/x.
16
Let g(i) = -10*i - 2. Suppose -4*k = -0*u - 3*u + 22, 14 = -2*k + 3*u. Let m(z) = -z + 6. What is the remainder when g(k) is divided by m(-7)?
12
Suppose -304 = -2*w - 3*j + 118, 633 = 3*w - 5*j. Calculate the remainder when w/5 + 8/(-40) is divided by 15.
12
Calculate the remainder when 5/(-4)*(7 + -83) is divided by 24.
23
Let m = 3 - 5. What is the remainder when -19*m/((-6)/(-3)) is divided by 7?
5
Let n(w) = w**2 - 12*w + 18. Let k be n(13). Let c = 47 - k. What is the remainder when 63 is divided by c?
15
Let u = -21 + 31. What is the remainder when (-6)/(-15) + (-183)/(-5) is divided by u?
7
Let n be ((-3)/6)/((-2)/12). Suppose -5*t + 121 = -p, 4*t - n*p - 38 = 2*t. What is the remainder when 49 is divided by t?
24
Suppose 0 = -8*g + g + 1029. Calculate the remainder when g is divided by 30.
27
Let u = 3 - -13. Calculate the remainder when 45 is divided by u.
13
Let z(a) = a**3 + 7*a**2 - a + 6. Let n be z(-7). Let j = n - -35. Calculate the remainder when j is divided by 25.
23
Let t be 21*(1 - (-10)/(-6)). Let d = 24 + t. Let b = -4 - -8. What is the remainder when d is divided by b?
2
Suppose 77*i - 70*i = 56. What is the remainder when 2/9 - 410/(-18) is divided by i?
7
Let c(v) = 53*v - 5. What is the remainder when c(2) is divided by 15?
11
Let p(v) = -v - 2. Let o be p(-4). Let m be (30/(-9))/(1/(-18)). Suppose 2*f - m = -o*f. What is the remainder when 28 is divided by f?
13
Let f = -5 + 9. Let g be (-12)/8*f/(-6). Calculate the remainder when 43 is divided by 26 - g - (3 + 0).
21
Let v be 90/24 + 1/4. Suppose -v*i + r = -4*r - 35, 5*r = 5. What is the remainder when 18 is divided by i?
8
Suppose -y = 1 - 2, -u = -y - 2. Suppose -5*f + 220 = 5*c, u*c = -f + 19 + 19. What is the remainder when f is divided by 25?
22
Suppose -3*f + 39 + 144 = 0. Calculate the remainder when f is divided by (8/5)/(2/40).
29
Let d(w) = 5*w - 19. Let j = 0 - 1. Let b = 2 + j. Calculate the remainder when b is divided by d(4).
0
Calculate the remainder when 80/2 + -1 + -2 is divided by 20.
17
Let j(s) = s**2 + s + 15. Suppose 2*p = -3*p - 4*d + 20, -4*p + 3*d - 15 = 0. Calculate the remainder when 40 is divided by j(p).
10
Let i = 50 - 71. Let v = i + 32. What is the remainder when v is divided by 6?
5
Let p = -3 - -6. Suppose 0 = p*k - 5*o - 59, -4*o - 3 = -k + 2*k. Suppose 0 = -2*b + 5*z - k, 2*b + 3*z = 12 + 15. What is the remainder when b is divided by 4?
2
Calculate the remainder when -2*1 - (-5 - (-6 + 43)) is divided by 7.
5
Suppose -21 = -3*k - 3*m, 5 - 1 = m. What is the remainder when 5 is divided by k?
2
Suppose 12 = n + 2*n. Calculate the remainder when 9 is divided by 258/54 - n/(-18).
4
Let d = 2 - -4. Calculate the remainder when 11 is divided by d.
5
Suppose j = -j + 5*m + 108, -5*m + 128 = 2*j. Let u(p) = -10*p + 1. Calculate the remainder when j is divided by u(-3).
28
Let q(x) = 4*x. Let f be q(-1). Let j = f + 6. Calculate the remainder when ((-45)/(-63) - (-2)/7) + 3 is divided by j.
0
Suppose -2*c + 75 = 3*c. Calculate the remainder when (-4)/(-10) + 774/c is divided by -4 + 10/(-15)*-33.
16
Let j(t) = -3*t + 16. Let h(s) = -3*s + 15. Let l(w) = -4*h(w) + 3*j(w). What is the remainder when 22 is divided by l(8)?
10
Let w be (-6)/9 - (-10)/(-3). Let k = w + 8. Suppose k*j + 12 = 60. What is the remainder when j is divided by 7?
5
Suppose -72 - 36 = -4*l. Calculate the remainder when l is divided by 7.
6
Let p be ((-19 - -1)/3)/(-2). Suppose 7*m - p*m = -q + 135, 2*q + 10 = 0. What is the remainder when m is divided by 12?
11
Let b(a) = -13*a**3 - a**2 - a - 1. Let k(y) = 2*y - 4. Let d be k(3). Suppose 2*f - 4*f = d. Calculate the remainder when 22 is divided by b(f).
10
Let x = -139 - -96. Suppose 0 = -r + 17 - 1. What is the remainder when r is divided by (-8)/(-20) + x/(-5)?
7
Suppose -4*o + 6*o = 44. Let a(b) = -5*b - 2. Let n be a(-3). Let f = n + o. Calculate the remainder when f is divided by 12.
11
Let n = 6 - -8. Let w(l) = 5*l**2 - 2*l + 1. What is the remainder when w(-2) is divided by n?
11
Let g(a) = -a**2 - 5*a - 10. Let y be g(-12). Let f = y + 131. What is the remainder when f is divided by 19?
18
Suppose -10*l = -25 - 255. What is the remainder when l is divided by 6?
4
Let n(q) = q**3 - 11*q**2 - 9*q - 5. Calculate the remainder when 58 is divided by n(12).
27
Let r = 28 + 15. Let i = -27 + r. What is the remainder when -2 + (-15)/(75/(-160)) is divided by i?
14
Suppose x + 2*x = 0. Let o = 14 - x. Calculate the remainder when 27 is divided by o.
13
What is the remainder when 35 is divided by (-2 - -3) + 2 - (-12 - -6)?
8
Suppose 5*k - 3*c = 90, 0 = 5*k - 3*c + c - 85. Let m = 132 - 73. Calculate the remainder when m is divided by k.
14
What is the remainder when 41 is divided by 29/3 + (-4)/6?
5
Let d(u) = 75*u. Calculate the remainder when d(1) is divided by (104/10)/(6/15).
23
Let c be (-5 + -5)*2/(-4). Suppose -c*p + 4*p + 19 = 0. Calculate the remainder when 37 is divided by p.
18
Suppose 0 = -k + 6*k. Let v = 15 - k. Calculate the remainder when 43 is divided by v.
13
Suppose 5*p = f + 5